d and o?
44
Suppose -2*f + 340 = 3*k, 0 = 17*k - 16*k + 5*f - 122. Let y = -131 + 37. Let g = y + k. What is the greatest common factor of 12 and g?
6
Let b be (104 + -49)*8/20. What is the greatest common factor of b and 10461?
11
Suppose -21*m = 47*m - 680. Let y = 1359 + -649. Calculate the highest common divisor of y and m.
10
Let z(v) = 47*v + 1982. Let p be z(48). Calculate the highest common factor of p and 26.
26
Suppose -2766 - 1101 = -6*b - 897. Calculate the greatest common divisor of 27 and b.
9
Suppose 2*x + 50*d - 120 = 47*d, -6*d = -48. Calculate the greatest common factor of 1500 and x.
12
Let g(h) = 5*h**2 + 3*h + 4. Let k be g(-4). Let i = 1012 + -964. Let c = -40 + i. What is the greatest common divisor of k and c?
8
Suppose 219 = 4*b - 301. Let n = -33449 - -33527. Calculate the greatest common divisor of b and n.
26
Let s = -52 + 72. Suppose 2*y = -2*v - 6, 0*v = 5*v + s. Let f(c) = 116*c**3 + 2*c**2 - 2*c + 1. Let t be f(y). What is the greatest common divisor of t and 13?
13
Let x be 10 - (22 + (-448)/8). Calculate the greatest common divisor of x and 803.
11
Let z = -2611 + 2872. Calculate the greatest common divisor of z and 232.
29
Let p(b) = -11*b + 6. Let h be p(-6). Let q(m) = m**2 + 8*m - 12. Suppose 14*v - 5 = 23. Let n be q(v). Calculate the greatest common factor of h and n.
8
Let b(l) = 7*l**2 + 111*l - 98. Let w be b(-19). What is the highest common divisor of w and 1000?
40
Suppose -5*o = -63 - 32. Suppose -26*p + 25*p + o = 0. Calculate the greatest common divisor of 228 and p.
19
Let d = 2185 + -2141. Calculate the highest common factor of 3014 and d.
22
Let y = -2464 + 2490. Calculate the greatest common factor of y and 2522.
26
Suppose 2*p - 78 - 338 = 0. Let r(t) = 44*t**2 - 45*t + 33. Let n be r(1). What is the greatest common factor of n and p?
16
Let p = 3588 - 3552. What is the greatest common divisor of p and 1884?
12
Suppose 25*t = 1363 - 313. Let p = -187 + 199. Calculate the highest common divisor of t and p.
6
Let x = 301 - 201. Let g = -167 + x. Let r = g - -193. Calculate the greatest common divisor of r and 36.
18
Suppose 1308 = 4*r - 820. Calculate the highest common divisor of 28 and r.
28
Let y(v) be the second derivative of v**5/20 - v**4/2 + 11*v**3/6 - 11*v**2 + 61*v. Let s be y(5). What is the greatest common factor of 2 and s?
2
Let r be (-320)/(-15)*3 + 0 + -1. Suppose 0 = -4*f + l + r, -1 - 17 = -f - 2*l. Suppose 0 = -4*b + 44 + f. What is the highest common factor of b and 135?
15
Let o be 80/6*(-21)/2. Suppose 594 - 818 = 8*r. Let b = r - o. Calculate the greatest common divisor of b and 14.
14
Suppose -y = 4, 0 = -5*i + y + 2*y - 33. Let q(r) = -30 - 3*r + 3*r + 8*r - 12*r. Let m be q(i). Calculate the highest common factor of 48 and m.
6
Let t(z) = -z**3 - 11*z**2 - 22*z + 6. Let v be t(-10). Let j = v - 125. Calculate the highest common divisor of 64 and j.
1
Suppose 3572*m - 3601*m = -3045. Calculate the greatest common factor of m and 7455.
105
Suppose -20*v = -780 - 780. What is the highest common divisor of 444 and v?
6
Let y = 4308 + -4305. Calculate the highest common divisor of y and 7.
1
Suppose 205*i - 3103261 = -863636. Calculate the greatest common divisor of 95 and i.
95
Let o(c) = -3*c**3 - 17*c**2 - 14*c - 10. Let i be ((-2)/(-3))/(45/(-405)). Let n be o(i). Calculate the highest common factor of 20 and n.
10
Suppose -5*j = -o + 27, -o - 2*j = -4 + 12. Suppose -228 - 276 = -o*k. Let l = k + -148. Calculate the greatest common factor of l and 26.
26
Suppose -d = 3*a + 937 - 3143, -2*d - 4*a = -4406. What is the highest common factor of d and 13?
13
Let u(w) = -w**3 + 61*w**2 + 178*w + 3. Let t be u(-3). Suppose 1802 = 5*k + a, 5*k = -5*a + 977 + 833. Calculate the highest common factor of t and k.
45
Suppose -2*a = 2*c + 20, 29*a = 34*a + 20. Let n be 4/c + (-512)/(-12) + 6. Calculate the highest common factor of 416 and n.
16
Let y be -2 + -18*5/(-15). Suppose g + y*f = 14, 0 = 12*g - 7*g - 3*f - 185. Calculate the highest common divisor of g and 442.
34
Let q be 4 + (4/(-5) - 14516/(-95)). Suppose 2*g + g + q = 5*d, 0 = 3*d - 4*g - 98. What is the highest common factor of 110 and d?
10
Let q be (75/2 - 0)/((-3)/(-4)). Let c = q - 47. Suppose -2*g + 0*g + 45 = i, 3*i + 81 = c*g. Calculate the highest common factor of 24 and g.
24
Let w(y) = 4*y**2 - 82*y + 512. Let i be w(14). What is the highest common factor of 56 and i?
4
Let n(m) = 2*m**3 + 14*m**2 + 41*m - 454. Let i be n(9). Calculate the highest common divisor of i and 46.
23
Suppose 71 + 31 - 246 = -4*k. What is the highest common factor of 9480 and k?
12
Let z = 72 + 18. Let w(x) = -25*x**3 - x**2 + 7*x + 13. Let f be w(-2). What is the greatest common factor of f and z?
15
Let x = 159198 - 158468. Suppose 0 = 4*d + h - 41, 2*h = 3*d - 2*h - 26. Calculate the greatest common factor of d and x.
10
Let g(k) = 15*k - 8. Let h be g(-9). Let w = h + 206. Calculate the greatest common factor of w and 9.
9
Let u(k) = 16*k**2 + 126*k + 704. Let t be u(-10). What is the highest common factor of t and 84?
12
Let z = 4559 + -4498. What is the greatest common divisor of 3599 and z?
61
Suppose -114 - 37 = -6*z + 77. Let v = -127 - -133. What is the highest common divisor of v and z?
2
Suppose 1453*f - 1450*f - 4*t = 10147, 0 = -3*f - 2*t + 10141. Calculate the highest common divisor of 441 and f.
147
Let o = 506 - 266. Suppose -36*f + o = -30*f. What is the highest common factor of 4 and f?
4
Suppose 324*d - 342*d + 17208 = 0. What is the greatest common factor of d and 7409?
239
Let c = -6753 + 6769. Let h(s) = 90*s + 2. Let z be h(3). Calculate the highest common factor of z and c.
16
Let f = 4551 + -4547. What is the highest common divisor of 8 and f?
4
Suppose -2174 = -10*t + 5*t + 526. What is the highest common factor of 648 and t?
108
Let r = -596 - -1036. Suppose f - 6*f + r = 0. Calculate the highest common factor of f and 44.
44
Let m = 1492 + -1051. Let f = -255 + m. What is the greatest common factor of 3 and f?
3
Suppose 316 + 334 = 15*p + 5*q, -5 = -5*q. What is the highest common divisor of p and 2924?
43
Let l be 12 + (-1*1)/((-78)/(-390)). What is the greatest common factor of l and 1687?
7
Suppose -411264 = -66*a - 46*a. What is the greatest common divisor of a and 9?
9
Let t = 40 + 351. Suppose -2*f = 14 - 48. Calculate the highest common divisor of f and t.
17
Let r be 16 - 17/((-255)/180). Calculate the greatest common factor of 688 and r.
4
Let d(j) = 2*j**2 - 188*j + 1939. Let p be d(10). What is the highest common factor of 5587 and p?
37
Suppose 257*d = 2*f + 262*d - 2702, 4*f + 3*d - 5362 = 0. What is the highest common factor of 4843 and f?
167
Let k(o) = 2*o + 9. Let d be k(0). Let j(r) = 7*r - 2. Let c be j(d). Let a = c - 10. Calculate the greatest common factor of a and 3.
3
Suppose -41*s + 726 = -99*s + 9542. What is the highest common factor of s and 16?
8
Let i be (13 + -9)*3/(-2). Let z be (1 - (-10)/i)/(4/(-4368)). What is the greatest common divisor of 56 and z?
56
Let k = -15 - -131. Suppose -2*v + 337 = 4*m + 1, 0 = -m + 4*v + 111. What is the highest common divisor of k and m?
29
Suppose 0 = -5*o - h + 39, -12 = -o + 2*h + 2*h. Let f be (-8 - -3) + (420 - -1). Suppose 58*y - 71*y + f = 0. What is the greatest common factor of y and o?
8
Let q be 4/14 - (-60)/35. Suppose 2*n = -0*i + q*i - 12, 2*n = -5*i + 23. Let y be -2*(1 + -4) - n. What is the greatest common factor of y and 7?
7
Let f = -2457 + 2483. Let z(t) = -14*t - 11. Let a be z(-11). Calculate the highest common factor of f and a.
13
Let j = 473 + -188. Let b be (-31 + 1 + 35)*38/5. What is the greatest common factor of j and b?
19
Let a be (14/(1260/162))/(0 - 6/(-147880)). Calculate the greatest common divisor of 12 and a.
12
Let l(f) = -10*f**2 - 4*f - 5. Let y be l(-2). Let s = y + 39. Suppose s*n + 8 = 0, 4 - 5 = 3*t + n. What is the greatest common factor of 5 and t?
1
Let y = -4 - -1. Suppose 29*a - 6*a - 196 = 9*a. Let b be a/((-3)/y)*1. What is the greatest common factor of 35 and b?
7
Suppose -p + n = -3, 5*n + 2 = -5*p - 3. Let x(s) = 125*s - 4. Let r be x(p). Calculate the greatest common factor of 33 and r.
11
Let j(f) = -f**3 - 2*f**2 + 11*f - 22. Let p be j(-8). Calculate the highest common divisor